t the prime factors of 14530.
2, 5, 1453
List the prime factors of 301.
7, 43
List the prime factors of 20068.
2, 29, 173
List the prime factors of 57253.
7, 8179
List the prime factors of 28432.
2, 1777
What are the prime factors of 2039?
2039
What are the prime factors of 25742?
2, 61, 211
List the prime factors of 3319.
3319
What are the prime factors of 1070?
2, 5, 107
What are the prime factors of 487?
487
What are the prime factors of 131099?
31, 4229
What are the prime factors of 6550?
2, 5, 131
What are the prime factors of 1159?
19, 61
List the prime factors of 7673.
7673
List the prime factors of 144021.
3, 61, 787
List the prime factors of 17468.
2, 11, 397
List the prime factors of 21155.
5, 4231
List the prime factors of 14239.
29, 491
List the prime factors of 4238.
2, 13, 163
What are the prime factors of 100575?
3, 5, 149
What are the prime factors of 8652?
2, 3, 7, 103
What are the prime factors of 2286?
2, 3, 127
List the prime factors of 379.
379
What are the prime factors of 1500?
2, 3, 5
List the prime factors of 817.
19, 43
What are the prime factors of 8264?
2, 1033
List the prime factors of 5670.
2, 3, 5, 7
List the prime factors of 5931.
3, 659
List the prime factors of 15050.
2, 5, 7, 43
List the prime factors of 79278.
2, 3, 73, 181
List the prime factors of 48275.
5, 1931
What are the prime factors of 11261?
11261
List the prime factors of 689.
13, 53
What are the prime factors of 96138?
2, 3, 7, 109
List the prime factors of 661.
661
List the prime factors of 135899.
135899
List the prime factors of 34422.
2, 3, 5737
List the prime factors of 18236.
2, 47, 97
List the prime factors of 1503.
3, 167
What are the prime factors of 407?
11, 37
List the prime factors of 991.
991
What are the prime factors of 1860?
2, 3, 5, 31
List the prime factors of 445.
5, 89
What are the prime factors of 55097?
7, 17, 463
List the prime factors of 62969.
62969
What are the prime factors of 24?
2, 3
List the prime factors of 7960.
2, 5, 199
List the prime factors of 10288.
2, 643
List the prime factors of 2237.
2237
What are the prime factors of 1173?
3, 17, 23
What are the prime factors of 6236?
2, 1559
What are the prime factors of 1131?
3, 13, 29
What are the prime factors of 8648?
2, 23, 47
What are the prime factors of 24553?
43, 571
What are the prime factors of 8170?
2, 5, 19, 43
List the prime factors of 1717.
17, 101
List the prime factors of 1302.
2, 3, 7, 31
What are the prime factors of 5196?
2, 3, 433
List the prime factors of 36673.
7, 13, 31
List the prime factors of 4994.
2, 11, 227
What are the prime factors of 20150?
2, 5, 13, 31
List the prime factors of 4243.
4243
What are the prime factors of 65514?
2, 3, 61, 179
List the prime factors of 2524.
2, 631
List the prime factors of 7780.
2, 5, 389
What are the prime factors of 15316?
2, 7, 547
List the prime factors of 1699.
1699
List the prime factors of 2190.
2, 3, 5, 73
What are the prime factors of 18833?
37, 509
What are the prime factors of 42767?
42767
List the prime factors of 11332.
2, 2833
List the prime factors of 2092.
2, 523
List the prime factors of 636.
2, 3, 53
List the prime factors of 23030.
2, 5, 7, 47
What are the prime factors of 130?
2, 5, 13
What are the prime factors of 11717?
11717
List the prime factors of 46394.
2, 23197
What are the prime factors of 526?
2, 263
What are the prime factors of 991?
991
What are the prime factors of 43997?
43997
What are the prime factors of 2613?
3, 13, 67
What are the prime factors of 1166?
2, 11, 53
What are the prime factors of 13211?
11, 1201
What are the prime factors of 1942?
2, 971
What are the prime factors of 5233?
5233
List the prime factors of 29360.
2, 5, 367
List the prime factors of 1109.
1109
What are the prime factors of 271?
271
What are the prime factors of 13298?
2, 61, 109
List the prime factors of 4241.
4241
What are the prime factors of 49854?
2, 3, 7, 1187
What are the prime factors of 141354?
2, 3, 7853
What are the prime factors of 3845?
5, 769
What are the prime factors of 32191?
32191
List the prime factors of 516.
2, 3, 43
What are the prime factors of 4790?
2, 5, 479
List the prime factors of 30.
2, 3, 5
List the prime factors of 2719.
2719
List the prime factors of 839.
839
List the prime factors of 14907.
3, 4969
What are the prime factors of 2671?
2671
List the prime factors of 70440.
2, 3, 5, 587
List the prime factors of 768.
2, 3
What are the prime factors of 18374?
2, 9187
List the prime factors of 3315.
3, 5, 13, 17
What are the prime factors of 11389?
7, 1627
List the prime factors of 62989.
62989
List the prime factors of 16500.
2, 3, 5, 11
List the prime factors of 34002.
2, 3, 1889
List the prime factors of 1516.
2, 379
List the prime factors of 6733.
6733
List the prime factors of 1237.
1237
What are the prime factors of 22815?
3, 5, 13
List the prime factors of 2765.
5, 7, 79
What are the prime factors of 1396?
2, 349
List the prime factors of 53865.
3, 5, 7, 19
What are the prime factors of 10775?
5, 431
List the prime factors of 457.
457
What are the prime factors of 22204?
2, 7, 13, 61
What are the prime factors of 38837?
71, 547
List the prime factors of 5649.
3, 7, 269
List the prime factors of 124032.
2, 3, 17, 19
List the prime factors of 4707.
3, 523
List the prime factors of 5521.
5521
List the prime factors of 9708.
2, 3, 809
List the prime factors of 26399.
26399
What are the prime factors of 9773?
29, 337
List the prime factors of 3527.
3527
List the prime factors of 213321.
3, 211, 337
List the prime factors of 2212.
2, 7, 79
What are the prime factors of 1199?
11, 109
What are the prime factors of 2533?
17, 149
What are the prime factors of 469?
7, 67
What are the prime factors of 523?
523
List the prime factors of 3640.
2, 5, 7, 13
What are the prime factors of 317?
317
List the prime factors of 2662.
2, 11
List the prime factors of 1289.
1289
What are the prime factors of 8638?
2, 7, 617
What are the prime factors of 139?
139
List the prime factors of 39961.
89, 449
What are the prime factors of 1973?
1973
What are the prime factors of 85608?
2, 3, 29, 41
List the prime factors of 2726.
2, 29, 47
What are the prime factors of 8993?
17, 23
List the prime factors of 81448.
2, 10181
List the prime factors of 10542.
2, 3, 7, 251
What are the prime factors of 5133?
3, 29, 59
What are the prime factors of 3500?
2, 5, 7
List the prime factors of 14674.
2, 11, 23, 29
What are the prime factors of 3723?
3, 17, 73
What are the prime factors of 2529?
3, 281
What are the prime factors of 11400?
2, 3, 5, 19
List the prime factors of 592.
2, 37
What are the prime factors of 2002?
2, 7, 11, 13
List the prime factors of 530.
2, 5, 53
What are the prime factors of 64850?
2, 5, 1297
What are the prime factors of 248?
2, 31
List the prime factors of 59833.
59833
List the prime factors of 16080.
2, 3, 5, 67
List the prime factors of 28394.
2, 14197
What are the prime factors of 79551?
3, 8839
What are the prime factors of 36351?
3, 7, 577
List the prime factors of 19324.
2, 4831
List the prime factors of 15266.
2, 17, 449
What are the prime factors of 1217?
1217
What are the prime factors of 2047?
23, 89
What are the prime factors of 27780?
2, 3, 5, 463
List the prime factors of 48295.
5, 13, 743
List the prime factors of 22205.
5, 4441
List the prime factors of 17817.
3, 5939
List the prime factors of 1351.
7, 193
What are the prime factors of 16928?
2, 23
What are the prime factors of 13422?
2, 3, 2237
What are the prime factors of 74580?
2, 3, 5, 11, 113
List the prime factors of 28764.
2, 3, 17, 47
List the prime factors of 6407.
43, 149
List the prime factors of 6751.
43, 157
What are the prime factors of 4399?
53, 83
What are the prime factors of 104318?
2, 43, 1213
List the prime factors of 8526.
2, 3, 7, 29
What are the prime factors of 18755?
5, 11, 31
List the prime factors of 9609.
3, 3203
List the prime factors of 9944.
2, 11, 113
List the prime factors of 32963.
7, 17, 277
List the prime factors of 11311.
11311
List the prime factors of 3027.
3, 1009
What are the prime factors of 25649?
13, 1973
List the prime factors of 4812.
2, 3, 401
What are the prime factors of 3076?
2, 769
What are the prime factors of 4262?
2, 2131
List the prime factors of 1004.
2